6. Let b be 30/(((-60)/16)/u). Calculate the highest common divisor of 60 and b.
20
Let i be 4/(-8) - (-10)/(-4). Let c(t) = -2*t - 2. Let v be c(i). Let z be 1/v + (-99)/(-4). What is the highest common divisor of 5 and z?
5
Let s(v) = 17*v - 103. Let k be s(9). What is the greatest common divisor of 40 and k?
10
Suppose -3*f - 72 = -5*d, -2*f - 5*d - 24 = 24. Let i = 40 - f. What is the greatest common factor of 16 and i?
16
Let g(z) = z - 1. Let w be g(4). Let n be 21/(-6)*(w - 1). Let p(l) = -l**2 - 10*l - 2. Let k be p(n). Calculate the highest common factor of 38 and k.
19
Suppose 0*x + 5*x = 450. Suppose -6*q + 2*q = -28. Let p(w) = w**3 - 7*w**2 + 10. Let z be p(q). What is the greatest common divisor of x and z?
10
Let v(a) = -a**3 - 6*a**2 + 5*a. Let t be v(-7). Calculate the highest common factor of 28 and t.
14
Let b = -1 - -7. Let s(g) = -g + 16. Let c be s(7). Calculate the highest common divisor of c and b.
3
Let q(f) = 13*f**2 - 5 + 5. Let c be q(1). What is the highest common divisor of c and 52?
13
Suppose 0 = -g + 2*j + j, -g + 4 = j. Let x(u) = 16*u + 4. Let l be x(g). Let z be 301/21 - 4/3. What is the highest common factor of z and l?
13
Let w(d) = -d + 9. Let x be w(4). Let i = x + -3. Let a be 0 - (i + -2 + -8). What is the highest common divisor of a and 80?
8
Let w = -31 - -13. Let g be w*(-2)/(-3)*-4. Calculate the highest common divisor of 120 and g.
24
Let m = 42 - -35. What is the greatest common factor of 33 and m?
11
Let z(o) = o**2 + 9*o + 22. Let c be z(-7). What is the highest common factor of 40 and c?
8
Let a be (-16)/8*(-23)/2. What is the highest common divisor of a and 253?
23
Let p = 6 + -2. Suppose -b + 2*q = -5, -14 = 3*b + p*q - 59. What is the highest common divisor of b and 121?
11
Let g(s) = -s**3 - 10*s**2 - 12*s + 3. Let d be g(-9). Let b = 57 - d. Calculate the highest common factor of b and 216.
27
Let a be ((-6)/(-4))/(4/120). What is the greatest common divisor of 30 and a?
15
Suppose -2*r = -2*l + 22, -7 = 2*r + 3*l - 0. Let h = 26 + r. Calculate the highest common factor of 90 and h.
18
Let o = -23 + 47. Let d be o/(-156) - (-264)/26. What is the highest common factor of d and 15?
5
Suppose 2*a = s - 0*a - 4, -4*s = -a - 37. Calculate the greatest common factor of 20 and s.
10
Let i be 352/7 - 4/14. Suppose 10*v = b + 13*v - 32, -b + 3*v + 8 = 0. Calculate the greatest common divisor of b and i.
10
Suppose -3*k - 7 = -40. Suppose -3*z + k = -2*t, t = -4*z - t + 10. What is the highest common factor of z and 21?
3
Let l be 6/(-12) - 225/(-2). Suppose -4*s + l = -148. What is the greatest common factor of 26 and s?
13
Let y = -13 + 35. Calculate the greatest common factor of y and 176.
22
Suppose 3*r = 6*r - 156. Calculate the greatest common divisor of r and 130.
26
Suppose -28 = -4*k - 0*k. Suppose -15 = 2*l + 3*o, -l + 5*o - k = l. Let z be (-669)/(-6) - (-9)/l. Calculate the highest common factor of 10 and z.
10
Let g = 85 - 73. Calculate the highest common factor of 276 and g.
12
Suppose 6*v + 9*v - 2400 = 0. What is the highest common factor of 20 and v?
20
Suppose -t = -3*x - 3 - 12, 5*t - x = 131. Let d(y) = 2*y**2 - 4*y + 3. Let u be d(2). Calculate the greatest common divisor of u and t.
3
Let j be (336/(-20))/(4/(-30)). Calculate the highest common factor of 18 and j.
18
Let r(s) = -17*s + 2. Let l be r(-2). Suppose -5*i = 3*y - 16, 0*y - 4*y = -2*i - 56. Calculate the greatest common factor of l and y.
12
Suppose 2*s + 6 = -4*x + 4, -2*x - 3*s = 7. Suppose -x = 4*h - 61. Calculate the highest common factor of 30 and h.
15
Let a(y) = -y**3 - 7*y**2 - 6*y - 6. Let t be a(-7). What is the greatest common factor of t and 18?
18
Let v(k) = -2*k - 9. Let l be v(-6). Suppose 9 = l*t + 6. What is the greatest common divisor of 4 and t?
1
Suppose -14*i + 16*i = 130. Calculate the highest common factor of 52 and i.
13
Let c be 5*(-1 + (-4)/20). Let y be 8/(-12) - 82/c. Calculate the greatest common divisor of y and 143.
13
Let c(f) = -34*f + 1. Let l be c(-5). Suppose r + 0*r = l. What is the highest common divisor of 19 and r?
19
Let f = -8 + 18. Let j = 16 - f. Calculate the highest common divisor of j and 24.
6
Let g be (6/(-5))/(33/(-1210)). What is the highest common divisor of 4 and g?
4
Let x(v) = 33*v**2. Let n be x(1). Suppose q - 1 = 2*q - 4*p, 0 = 5*q - p - 14. What is the greatest common divisor of q and n?
3
Suppose 6*m = m + 500. Calculate the greatest common divisor of m and 20.
20
Suppose -56*l + 51*l = -180. Calculate the highest common factor of 12 and l.
12
Let u(o) = -2*o + 0 - 2*o - 3. Let k be u(-4). What is the highest common factor of k and 143?
13
Let u = 298 + -168. Suppose -4*n + u = n. Suppose 455 - 130 = 5*i. What is the highest common divisor of i and n?
13
Suppose -4*w - 8 = -4*l + 3*l, -17 = -3*w - 5*l. Let q be w/1 - (-2 + -17). What is the highest common divisor of q and 6?
6
Let y(s) = -s**3 - 5*s**2 - 6*s - 6. Let k be y(-6). Suppose -5*w + 154 = -k. What is the highest common factor of 4 and w?
4
Suppose 2*f = 7*f. Suppose -q + 96 = -f*q. Suppose 2*l + 12 = 3*l + s, 0 = -3*l + s + 36. Calculate the highest common divisor of q and l.
12
Let g be 2 + -3 - 7/(-1). Suppose 4*k - 23 = 5*l, g*l - 3*l + 21 = 3*k. Let m = -11 - -15. Calculate the greatest common factor of k and m.
4
Suppose -2*y + 34 + 2 = 0. Calculate the greatest common divisor of y and 2.
2
Suppose 16*d = 15*d + 16. Calculate the greatest common divisor of d and 32.
16
Let f(p) = 4*p - 18. Let q be f(10). What is the highest common divisor of 11 and q?
11
Let q(a) = 7 + 9*a - a**2 + 1 + 0 + 0*a**2. Let g be q(6). Suppose -5*y - 2*f = -255 + 58, 5*y - f = 194. What is the highest common factor of g and y?
13
Suppose -5*c + g + 117 = 0, -g - 44 = 4*c - 143. What is the greatest common factor of c and 96?
24
Let y(p) = -9*p**3 + p**2 - p + 2. Let g be (-1)/(2/2)*-8. Suppose 0 = 2*k - 6*k - g. Let q be y(k). Calculate the greatest common factor of 32 and q.
16
Let c be (-6)/(-10) + 14/10. Let d be (-6*6/(-9))/c. Suppose d*l - 3 - 3 = -4*x, -3*l = -4*x + 1. Calculate the greatest common factor of x and 4.
1
Let z = -101 + 109. Let v(d) be the third derivative of d**5/60 - d**4/24 + 2*d**3/3 + d**2. Let h be v(4). What is the greatest common divisor of z and h?
8
Suppose -2*a = -12 - 14. Let c = 556 - 394. Let r = c - 97. Calculate the greatest common factor of r and a.
13
Let y(l) = l**2 + 2*l + 4. Let v be -1 + (2 - -4 - 1). Suppose 3*x + 16 = v. Let b be y(x). What is the highest common factor of b and 4?
4
Suppose i - 128 = -3*i. Let x be 1/((-9)/(-15))*3. Suppose 3*r - x = -0*h - 5*h, -5*r - 37 = -3*h. Calculate the greatest common factor of h and i.
4
Suppose 133 = 5*u + 4*w - 26, 3*w = -5*u + 158. Let f = -10 + u. Let d(z) = -z**3 + z**2 + z + 14. Let v be d(0). What is the greatest common factor of f and v?
7
Let o be (-5)/(-2)*8/10. Suppose 2*y + 2*y = 84. Suppose -o*f = -f - y. Calculate the greatest common divisor of f and 14.
7
Let d(x) = -37*x - 5. Let h be d(-4). Let i = -5 - -18. What is the highest common divisor of h and i?
13
Let p = -31 + 41. Calculate the greatest common factor of 35 and p.
5
Let m be (16/(1 - 2))/((-5)/30). Calculate the highest common divisor of m and 12.
12
Let n(q) = q**2 - 10*q + 7. Let k be n(10). What is the highest common divisor of 49 and k?
7
Suppose -2*v - v = b - 316, 4*v - 5*b - 415 = 0. What is the highest common divisor of v and 42?
21
Suppose 0 = 2*m - 0*m - 10. Suppose 5*k = m*g + 30, 2*g + 12 = 4*k + g. Let y be 6/8*(-3 - -7). What is the highest common factor of k and y?
1
Suppose -4*m + 58 = -3*m. What is the greatest common factor of 29 and m?
29
Suppose 0 = u - 2, -4*u = 4*l - 2*u + 68. Let n = -12 - l. What is the highest common divisor of n and 30?
6
Let s(o) = o**2 + 5*o - 2. Let g be s(-4). Let h be (g/5)/(9/(-30)). Suppose -i + h = -0*i. Calculate the highest common factor of 6 and i.
2
Let r be 1359/39 - 4/(-26). Let x = r + 10. Let w(k) = k**3 - 7*k**2 - 5*k - 9. Let y be w(8). What is the greatest common divisor of y and x?
15
Suppose 4*f - 18 = -3*c, 2*c - 4*f + 38 = 7*c. Suppose 0*v = 2*v + 4*m, -4 = 2*m. What is the highest common factor of c and v?
2
Let p be (6 - 2) + 12 + 2. Calculate the highest common factor of 27 and 